{"id":3281,"date":"2023-11-04T11:24:43","date_gmt":"2023-11-04T14:24:43","guid":{"rendered":"https:\/\/mixbrasil.org.br\/31\/?page_id=3281"},"modified":"2023-11-04T11:24:43","modified_gmt":"2023-11-04T14:24:43","slug":"technical-data-sheet","status":"publish","type":"page","link":"https:\/\/mixbrasil.org.br\/31\/en\/technical-data-sheet\/","title":{"rendered":"Technical Data Sheet"},"content":{"rendered":"<p><b>ARTISTIC DIRECTOR &amp; TRANSMEDIA CURATOR<\/b><\/p>\n<p><span style=\"font-weight: 400\">Andr\u00e9 Fischer<\/span><\/p>\n<p><b>PRODUCTION DIRECTOR<\/b><\/p>\n<p><span style=\"font-weight: 400\">Abrupta Produ\u00e7\u00f5es Art\u00edsticas<\/span><\/p>\n<p><b>CINEMA PROGRAMMING DIRECTOR<\/b><\/p>\n<p><span style=\"font-weight: 400\">Jo\u00e3o Federici<\/span><\/p>\n<p><b>CINEMA PROGRAMMING COORDINATOR<\/b><\/p>\n<p><span style=\"font-weight: 400\">Marcio Miranda Perez<\/span><\/p>\n<p><b>PRODUCTION COORDINATOR<\/b><\/p>\n<p><span style=\"font-weight: 400\">Tati Nunes<\/span><\/p>\n<p><b>PRODUCTION<\/b><\/p>\n<p><span style=\"font-weight: 400\">Murilo Rocha<br \/>\n<\/span><span style=\"font-weight: 400\">Victor Gally<br \/>\n<\/span><span style=\"font-weight: 400\">Valmir Paulino<\/span><\/p>\n<p><b>PRODUCTION ASSISTANT<\/b><\/p>\n<p><span style=\"font-weight: 400\">Elmore Leal<br \/>\n<\/span><span style=\"font-weight: 400\">Saara Carneiro<\/span><\/p>\n<p><b>HOSPITALITY<\/b><\/p>\n<p><span style=\"font-weight: 400\">Cris Nunes<br \/>\n<\/span><span style=\"font-weight: 400\">Matheus de Souza<\/span><\/p>\n<p><b>FILM SELECTION COMMITTEE<\/b><\/p>\n<p><span style=\"font-weight: 400\">Andr\u00e9 Fischer<br \/>\n<\/span><span style=\"font-weight: 400\">Jo\u00e3o Federici<br \/>\n<\/span><span style=\"font-weight: 400\">Julia Katharine<br \/>\n<\/span><span style=\"font-weight: 400\">Marcio Miranda Perez<br \/>\n<\/span><span style=\"font-weight: 400\">Pedro Tinen<br \/>\n<\/span><span style=\"font-weight: 400\">Sofia Wickerhauser<br \/>\n<\/span><span style=\"font-weight: 400\">Victor Di Marco<br \/>\n<\/span><span style=\"font-weight: 400\">Victoria Negreiros<\/span><\/p>\n<p><b>THE GONG SHOW HOSTESS<\/b><\/p>\n<p><span style=\"font-weight: 400\">Marisa Orth<\/span><\/p>\n<h3><b>MIX LITER\u00c1RIO AND CAIO FERNANDO ABREU AWARDS<\/b><\/h3>\n<p><b>ORGANIZATION<\/b><\/p>\n<p><span style=\"font-weight: 400\">Alexandre Rabelo<\/span><\/p>\n<h3><b>MIXLAB SPCINE<\/b><span style=\"font-weight: 400\">\u00a0<\/span><\/h3>\n<p><b>COORDINATION<\/b><\/p>\n<p><span style=\"font-weight: 400\">Andr\u00e9 Fischer<br \/>\n<\/span><span style=\"font-weight: 400\">Jo\u00e3o Federici<br \/>\n<\/span><span style=\"font-weight: 400\">Marcio Miranda Perez<\/span><\/p>\n<p><b>SILVER AND GOLDEN RABBIT TROPHY<\/b><\/p>\n<p><span style=\"font-weight: 400\">Duilio Ferronato<\/span><\/p>\n<p><b>AUDIOVISUAL MEDIA COORDINATION<\/b><\/p>\n<p><span style=\"font-weight: 400\">Hyran De Mula<\/span><\/p>\n<p><b>PUBLIC\u00a0 RELATIONS<\/b><\/p>\n<p><span style=\"font-weight: 400\">ATTI Comunica\u00e7\u00e3o e Ideias<br \/>\n<\/span><span style=\"font-weight: 400\">Eliz Ferreira e Val\u00e9ria Blanco<\/span><\/p>\n<p><b>SOCIAL MEDIA<\/b><\/p>\n<p><span style=\"font-weight: 400\">Juma Mascarenhas<\/span><\/p>\n<p><b>PHOTOS<\/b><\/p>\n<p><span style=\"font-weight: 400\">Amanda Clemente<\/span><\/p>\n<p><b>VIDEO EDITING<\/b><\/p>\n<p><span style=\"font-weight: 400\">Matheus Pires<br \/>\n<\/span><span style=\"font-weight: 400\">Victor Gally<br \/>\n<\/span><span style=\"font-weight: 400\">Vinicius Tartaro<\/span><\/p>\n<p><b>TRANSLATION AND SUBTITLING COORDINATION<\/b><\/p>\n<p><span style=\"font-weight: 400\">4 Esta\u00e7\u00f5es<\/span><\/p>\n<p><b>DIGITAL PLATFORMS<\/b><\/p>\n<p><span style=\"font-weight: 400\">Ita\u00fa Cultural Play<br \/>\n<\/span><span style=\"font-weight: 400\">Sesc Digital<br \/>\n<\/span><span style=\"font-weight: 400\">Spcine Play<br \/>\n<\/span><span style=\"font-weight: 400\">Youtube Festival MixBrasil<\/span><\/p>\n<p><b>WEB MAINTENANCE<\/b><\/p>\n<p><span style=\"font-weight: 400\">Site de Artista<\/span><\/p>\n<p><b>GRAPHIC MATERIALS DESIGN<\/b><\/p>\n<p><span style=\"font-weight: 400\">Carolina Akary Fuzuaka<br \/>\n<\/span><span style=\"font-weight: 400\">Gabriella P\u00e1ssaro<br \/>\n<\/span><span style=\"font-weight: 400\">Tati Nunes<\/span><\/p>\n<h3><b>CATALOGUE<\/b><\/h3>\n<p><b>GRAPHIC DESIGNER<\/b><\/p>\n<p><span style=\"font-weight: 400\">Carolina Akary Fuzuaka<\/span><\/p>\n<p><b>CONTENT<\/b><\/p>\n<p><span style=\"font-weight: 400\">Andr\u00e9 Fischer, Marcio Miranda Perez e Tati Nunes<\/span><\/p>\n<p><b>COPY EDITOR<\/b><\/p>\n<p><span style=\"font-weight: 400\">Leonardo Do Carmo<\/span><\/p>\n<p><b>TRANSLATION<\/b><\/p>\n<p><span style=\"font-weight: 400\">Marcos Olival<\/span><\/p>\n<h3><b>MIXBRASIL\u00a0 2023 VISUAL ID<\/b><\/h3>\n<p><b>Creation: <\/b><span style=\"font-weight: 400\">Danilo Janjacomo<\/span><\/p>\n<p><b>Screenplay:<\/b><span style=\"font-weight: 400\"> Danilo Janjacomo, Brendo Garcia<\/span><\/p>\n<p><b>Director:<\/b><span style=\"font-weight: 400\"> Brendo Gonfiantini<\/span><\/p>\n<p><b>Art Director : <\/b><span style=\"font-weight: 400\">Brendo Garcia<\/span><\/p>\n<p><b>Dire\u00e7\u00e3o de Fotografia: <\/b><span style=\"font-weight: 400\">Adriano Gonfiantini<\/span><\/p>\n<p><b>AI Development:<\/b><span style=\"font-weight: 400\"> Adriano Gonfiantini, Brendo Garcia<\/span><\/p>\n<p><span style=\"font-weight: 400\"><strong>Motion Capture:<\/strong> Adriano Gonfiantini<\/span><\/p>\n<p><b>Choreographer\/Dancer:<\/b><span style=\"font-weight: 400\"> Luiz Crepaldi<\/span><\/p>\n<p><span style=\"font-weight: 400\"><strong>3D:<\/strong> Adriano Gonfiantini<\/span><\/p>\n<p><b>Executive Director: <\/b><span style=\"font-weight: 400\">Renata Dumont<\/span><\/p>\n<p><b>Senior Executive Production:<\/b><span style=\"font-weight: 400\"> Carolina Junqueira<\/span><\/p>\n<p><b>Executive Production:<\/b><span style=\"font-weight: 400\"> Camila Martinez e Nathan Marino<\/span><\/p>\n<p><b>Project Manager: <\/b><span style=\"font-weight: 400\">Marcela Amstalden<\/span><\/p>\n<p><b>Executive Production Intern:<\/b><span style=\"font-weight: 400\"> Giovanna Sales<\/span><\/p>\n<p><b>Post Executive: <\/b><span style=\"font-weight: 400\">Natalia Pinheiro<\/span><\/p>\n<p><b>Production Coordination:<\/b><span style=\"font-weight: 400\"> Paula Macedo, Rafael Rocha, Amanda Grell e Melina Matuoca<\/span><\/p>\n<p><b>Financial Department:<\/b><span style=\"font-weight: 400\"> Lucas Bucater e Flavia Galhardo<\/span><\/p>\n<p><b>General Assistant:<\/b><span style=\"font-weight: 400\"> Francisca Medeiros<\/span><\/p>\n<p><b>Post-Production Coordinator:<\/b><span style=\"font-weight: 400\"> Bruno Melo<\/span><\/p>\n<p><b>Post-Production Assistant:<\/b><span style=\"font-weight: 400\"> Max Moreira<\/span><\/p>\n<p><b>Editor:<\/b><span style=\"font-weight: 400\"> Jon Kadosca<\/span><\/p>\n<p><b>Editor Assistant: <\/b><span style=\"font-weight: 400\">Camila Ribeiro<\/span><\/p>\n<p><b>Finalization<\/b><b>:<\/b><span style=\"font-weight: 400\"> Max Moreira<\/span><\/p>\n<p><b>Color Grading:<\/b><span style=\"font-weight: 400\"> Marla Color Grading<\/span><\/p>\n<p><b>Colorist: <\/b><span style=\"font-weight: 400\">Fernando Lui<\/span><\/p>\n<p><b>PR : <\/b><span style=\"font-weight: 400\">Giovanna Ricci, Malu Barros e ATTi Comunica\u00e7\u00e3o e Ideias<\/span><\/p>\n<p><b>Sound producer: <\/b><span style=\"font-weight: 400\">LOUD<\/span><\/p>\n<p><b>Musical direction:<\/b><span style=\"font-weight: 400\"> Fabio Smeili and Yuri Chix<\/span><\/p>\n<p><b>Service: <\/b><span style=\"font-weight: 400\">Priscila Miranda, Lu Fernandes, and Ju Pontes<\/span><\/p>\n<p><b>Production: <\/b><span style=\"font-weight: 400\">Gustavo Garbato, Felipe Kim, Pedro Turc\u00e3o, Hugo Mariutti, Rafael Kabelo e Rodrigo Scarcello<\/span><\/p>\n<p><b>Finalization:<\/b><span style=\"font-weight: 400\"> Pedro Cortez, Ricardo Bertran, Luca Fasano, Eduardo Barbosa e Rodrigo Tedesco.<\/span><\/p>\n<p><b>Executive Producer: <\/b><span style=\"font-weight: 400\">Maia Feres<\/span><\/p>\n<p><b>Coordination:<\/b><span style=\"font-weight: 400\"> Rafael Silvestrini, Izabel Sanches e Doug Freitas<\/span><\/p>\n<p><span style=\"font-weight: 400\"><strong>Special thanks:<\/strong> Stink S\u00e3o Paulo, LOUD, Casa VOT\u00da, Warriors VFX, Festival Mix Brasil Team.<\/span><\/p>\n<p><b>ACCOUNTABILITY AND FINANCES<\/b><\/p>\n<p><span style=\"font-weight: 400\">Josi Geller<\/span><\/p>\n<p><b>LEGAL ADVICE<\/b><\/p>\n<p><span style=\"font-weight: 400\">Fregni \u2013 Lopez Da Cruz \u2013 Advogados Associados<br \/>\n<\/span><span style=\"font-weight: 400\">Dra. Gabriella Fregni<\/span><\/p>\n<p><b>ACCOUNTING ADVICE<\/b><\/p>\n<p><span style=\"font-weight: 400\">Rosana Santos Da Cruz<br \/>\n<\/span><span style=\"font-weight: 400\">Santos Assessoria Cont\u00e1bil<br \/>\n<\/span><span style=\"font-weight: 400\">Solange Baldenebro<br \/>\n<\/span><span style=\"font-weight: 400\">Valdir Carvalho<\/span><\/p>\n<p><b>REALIZATION<\/b><\/p>\n<p>Associa\u00e7\u00e3o Cultural Mix Brasil<\/p>\n<p><b>CHIEF OFFICER<\/b><\/p>\n<p><span style=\"font-weight: 400\">Josi Geller<\/span><\/p>\n<p><b>DEPUTY CHIEF OFFICER<\/b><\/p>\n<p><span style=\"font-weight: 400\">Andrea Isabel de Oliveira Amadeo<\/span><\/p>\n<p><b>TECHNICAL DIRECTOR<\/b><\/p>\n<p><span style=\"font-weight: 400\">Marco Donini<\/span><\/p>\n<p><b>COUNCIL BOARD<\/b><\/p>\n<p><span style=\"font-weight: 400\">Francisco Zelesnikar<br \/>\n<\/span><span style=\"font-weight: 400\">Gabriella P\u00e1ssaro<\/span><\/p>\n","protected":false},"excerpt":{"rendered":"<p>ARTISTIC DIRECTOR &amp; TRANSMEDIA CURATOR Andr\u00e9 Fischer PRODUCTION DIRECTOR Abrupta Produ\u00e7\u00f5es Art\u00edsticas CINEMA PROGRAMMING DIRECTOR Jo\u00e3o Federici CINEMA PROGRAMMING COORDINATOR Marcio Miranda Perez PRODUCTION COORDINATOR Tati Nunes PRODUCTION Murilo Rocha Victor Gally Valmir Paulino PRODUCTION ASSISTANT Elmore Leal Saara Carneiro HOSPITALITY Cris Nunes Matheus de Souza FILM SELECTION COMMITTEE Andr\u00e9 Fischer Jo\u00e3o Federici Julia Katharine [&hellip;]<\/p>\n","protected":false},"author":13,"featured_media":0,"parent":0,"menu_order":0,"comment_status":"closed","ping_status":"closed","template":"","meta":{"footnotes":""},"class_list":["post-3281","page","type-page","status-publish"],"_links":{"self":[{"href":"https:\/\/mixbrasil.org.br\/31\/wp-json\/wp\/v2\/pages\/3281","targetHints":{"allow":["GET"]}}],"collection":[{"href":"https:\/\/mixbrasil.org.br\/31\/wp-json\/wp\/v2\/pages"}],"about":[{"href":"https:\/\/mixbrasil.org.br\/31\/wp-json\/wp\/v2\/types\/page"}],"author":[{"embeddable":true,"href":"https:\/\/mixbrasil.org.br\/31\/wp-json\/wp\/v2\/users\/13"}],"replies":[{"embeddable":true,"href":"https:\/\/mixbrasil.org.br\/31\/wp-json\/wp\/v2\/comments?post=3281"}],"version-history":[{"count":0,"href":"https:\/\/mixbrasil.org.br\/31\/wp-json\/wp\/v2\/pages\/3281\/revisions"}],"wp:attachment":[{"href":"https:\/\/mixbrasil.org.br\/31\/wp-json\/wp\/v2\/media?parent=3281"}],"curies":[{"name":"wp","href":"https:\/\/api.w.org\/{rel}","templated":true}]}}