{"id":894,"date":"2023-10-25T17:55:13","date_gmt":"2023-10-25T20:55:13","guid":{"rendered":"https:\/\/mixbrasil.org.br\/31\/?p=894"},"modified":"2023-10-25T17:55:13","modified_gmt":"2023-10-25T20:55:13","slug":"apresentacao","status":"publish","type":"page","link":"https:\/\/mixbrasil.org.br\/31\/apresentacao\/","title":{"rendered":"Apresenta\u00e7\u00e3o"},"content":{"rendered":"<p><img loading=\"lazy\" decoding=\"async\" class=\"alignnone size-full wp-image-3358\" src=\"https:\/\/rede.mixbrasil.org.br\/31\/wp-content\/uploads\/sites\/30\/2023\/11\/arte_site_campos.jpg\" alt=\"\" width=\"1067\" height=\"600\" srcset=\"https:\/\/mixbrasil.org.br\/31\/wp-content\/uploads\/sites\/30\/2023\/11\/arte_site_campos.jpg 1067w, https:\/\/mixbrasil.org.br\/31\/wp-content\/uploads\/sites\/30\/2023\/11\/arte_site_campos-300x169.jpg 300w, https:\/\/mixbrasil.org.br\/31\/wp-content\/uploads\/sites\/30\/2023\/11\/arte_site_campos-1024x576.jpg 1024w, https:\/\/mixbrasil.org.br\/31\/wp-content\/uploads\/sites\/30\/2023\/11\/arte_site_campos-768x432.jpg 768w, https:\/\/mixbrasil.org.br\/31\/wp-content\/uploads\/sites\/30\/2023\/11\/arte_site_campos-150x84.jpg 150w, https:\/\/mixbrasil.org.br\/31\/wp-content\/uploads\/sites\/30\/2023\/11\/arte_site_campos-696x391.jpg 696w, https:\/\/mixbrasil.org.br\/31\/wp-content\/uploads\/sites\/30\/2023\/11\/arte_site_campos-747x420.jpg 747w\" sizes=\"auto, (max-width: 1067px) 100vw, 1067px\" \/><\/p>\n<p>Boas-vindas ao 31\u00ba Festival Mix Brasil!<\/p>\n<p>Num momento em que a individualidade e os conflitos avan\u00e7am, o Mix Brasil representa um tributo \u00e0 for\u00e7a da pluralidade e \u00e0 riqueza das narrativas da nossa comunidade. \u201cA Gente Nunca Foi T\u00e3o Mix\u201d n\u00e3o \u00e9 apenas um tema. \u00c9 uma afirma\u00e7\u00e3o de que, apesar dos pesares, e tamb\u00e9m por causa deles, a gente pode construir um presente e um futuro onde gavetas, arm\u00e1rios e estere\u00f3tipos deixam de fazer sentido.<\/p>\n<p>Ao longo da extensa programa\u00e7\u00e3o \u2014 com 137 obras entre filmes, experi\u00eancias XR, espet\u00e1culos, games e atividades como shows, oficinas para crian\u00e7as e profissionais do audiovisual, pain\u00e9is de literatura e festas \u2014 \u00e9 apresentada uma imensa diversidade de talentos e perspectivas provenientes de 37 pa\u00edses. Uma jornada transm\u00eddia que transcende barreiras, inspira e leva por caminhos diversos da cria\u00e7\u00e3o, da inclus\u00e3o. do desejo e da liberdade. Uma celebra\u00e7\u00e3o de quem a gente \u00e9, ama e sonha, e das eternas presen\u00e7as de Andr\u00e9 Pomba, Z\u00e9 Celso Martinez Corr\u00eaa e Danilo Santos de Miranda.<\/p>\n<p>Algumas mudan\u00e7as, iniciadas j\u00e1 h\u00e1 algum tempo, seguem avan\u00e7ando. Consolidando o processo de integra\u00e7\u00e3o da programa\u00e7\u00e3o que busca n\u00e3o hierarquizar informa\u00e7\u00f5es, propomos uma nova forma de navegar pelo conte\u00fado do festival. Totalmente online, busca dar o mesmo valor a todas as manifesta\u00e7\u00f5es art\u00edsticas presentes no festival e tamb\u00e9m sinaliza o in\u00edcio de um processo ativo de redu\u00e7\u00e3o e conscientiza\u00e7\u00e3o sobre impactos gerados por nossas atividades para o meio ambiente. A\u00e7\u00f5es de acessibilidade se fazem presentes para al\u00e9m das salas, com a\u00e7\u00e3o de inclus\u00e3o e forma\u00e7\u00e3o de p\u00fablico para pessoas com autismo.<\/p>\n<p>A campanha criada por Danilo Janjacomo, dirigida por Brendo + Gonfiantini e produzida pela Stink, e a estreia mundial do novo trabalho de Igi Lola Ayedun, &#8220;Eclos\u00e3o de um sonho, uma fantasia\u201d, ambos realizados com intelig\u00eancia artificial, s\u00e3o um marco do capacidade de transcender fronteiras tradicionais da arte e da capacidade de inovar presentes na programa\u00e7\u00e3o.<\/p>\n<p>O MixLab Spcine, que tem o car\u00e1ter de forma\u00e7\u00e3o para profissionais da comunidade, traz entre os destaques o compartilhamento de experi\u00eancias de cineastas, como Lillah Halla e Zeno Graton, e novo projeto no metaverso da diretora e dramaturga Jana\u00edna Leite.<\/p>\n<p>As novidades se somam \u00e0s tradi\u00e7\u00f5es, com os 25 anos de Marisa Orth comandando o indescrit\u00edvel Show do Gongo e Silvetty Montilla apresentando os impag\u00e1veis shows que revelam, j\u00e1 h\u00e1 quase duas d\u00e9cadas, Novos Talentos drag queen e do canto. Renata Carvalho se soma a Gus van Sant, Jo\u00e3o Nery, Marina Lima, Marcia Pantera, Ney Matogrosso e Linn da Quebrada na luxuosa galeria de trajet\u00f3rias homenageadas com \u00cdcone Mix.<\/p>\n<p>Tudo isso acontece em quatro espa\u00e7os no MIS (onde o Mix Brasil nasceu, em 1993), Cinesesc, Teatro Sergio Cardoso, Cine Olido, Instituto Moreira Salles, Sala Paulo Em\u00edlio no CCSP, Museu da Lingua Portuguesa, Biblioteca Mario de Andrade, YouTube, Instagram e Facebook @festivalmixbrasil, e nas quatro plataformas digitais parceiras \u2014 Sesc Digital, Spcine Play, Itaucultural Play e CultSP Play.<\/p>\n<p>A magia acontece gra\u00e7as \u00e0 incr\u00edvel equipe guerreira que se re\u00fane a cada ano e ao patroc\u00ednio de Ita\u00fa, Mercado Livre e Spcine, o apoio de Sesc SP, Consulado da Fran\u00e7a em S\u00e3o Paulo e uma s\u00e9rie de parcerias sem as quais n\u00e3o poder\u00edamos apresentar tantas atividades que celebram a diversidade de identidades, paix\u00f5es e express\u00f5es art\u00edsticas LGBT+!<\/p>\n<p>Andr\u00e9 Fischer<\/p>\n","protected":false},"excerpt":{"rendered":"<p>Boas-vindas ao 31\u00ba Festival Mix Brasil! Num momento em que a individualidade e os conflitos avan\u00e7am, o Mix Brasil representa um tributo \u00e0 for\u00e7a da pluralidade e \u00e0 riqueza das narrativas da nossa comunidade. \u201cA Gente Nunca Foi T\u00e3o Mix\u201d n\u00e3o \u00e9 apenas um tema. \u00c9 uma afirma\u00e7\u00e3o de que, apesar dos pesares, e tamb\u00e9m [&hellip;]<\/p>\n","protected":false},"author":12,"featured_media":0,"parent":0,"menu_order":0,"comment_status":"open","ping_status":"closed","template":"","meta":{"footnotes":""},"class_list":["post-894","page","type-page","status-publish"],"_links":{"self":[{"href":"https:\/\/mixbrasil.org.br\/31\/wp-json\/wp\/v2\/pages\/894","targetHints":{"allow":["GET"]}}],"collection":[{"href":"https:\/\/mixbrasil.org.br\/31\/wp-json\/wp\/v2\/pages"}],"about":[{"href":"https:\/\/mixbrasil.org.br\/31\/wp-json\/wp\/v2\/types\/page"}],"author":[{"embeddable":true,"href":"https:\/\/mixbrasil.org.br\/31\/wp-json\/wp\/v2\/users\/12"}],"replies":[{"embeddable":true,"href":"https:\/\/mixbrasil.org.br\/31\/wp-json\/wp\/v2\/comments?post=894"}],"version-history":[{"count":0,"href":"https:\/\/mixbrasil.org.br\/31\/wp-json\/wp\/v2\/pages\/894\/revisions"}],"wp:attachment":[{"href":"https:\/\/mixbrasil.org.br\/31\/wp-json\/wp\/v2\/media?parent=894"}],"curies":[{"name":"wp","href":"https:\/\/api.w.org\/{rel}","templated":true}]}}