{"id":898,"date":"2022-10-25T17:56:11","date_gmt":"2022-10-25T20:56:11","guid":{"rendered":"https:\/\/mixbrasil.org.br\/31\/?p=898"},"modified":"2022-10-25T17:56:11","modified_gmt":"2022-10-25T20:56:11","slug":"juri","status":"publish","type":"page","link":"https:\/\/mixbrasil.org.br\/31\/juri\/","title":{"rendered":"J\u00fari"},"content":{"rendered":"<h3 style=\"text-align: justify\"><strong>COMPETITIVA LONGAS<\/strong><\/h3>\n<p><img loading=\"lazy\" decoding=\"async\" class=\"wp-image-2844 alignleft\" src=\"https:\/\/rede.mixbrasil.org.br\/31\/wp-content\/uploads\/sites\/30\/2022\/10\/53298627798_dab4f9cd48_o.jpg\" alt=\"\" width=\"200\" height=\"200\" srcset=\"https:\/\/mixbrasil.org.br\/31\/wp-content\/uploads\/sites\/30\/2022\/10\/53298627798_dab4f9cd48_o.jpg 960w, https:\/\/mixbrasil.org.br\/31\/wp-content\/uploads\/sites\/30\/2022\/10\/53298627798_dab4f9cd48_o-300x300.jpg 300w, https:\/\/mixbrasil.org.br\/31\/wp-content\/uploads\/sites\/30\/2022\/10\/53298627798_dab4f9cd48_o-150x150.jpg 150w, https:\/\/mixbrasil.org.br\/31\/wp-content\/uploads\/sites\/30\/2022\/10\/53298627798_dab4f9cd48_o-768x768.jpg 768w, https:\/\/mixbrasil.org.br\/31\/wp-content\/uploads\/sites\/30\/2022\/10\/53298627798_dab4f9cd48_o-696x696.jpg 696w, https:\/\/mixbrasil.org.br\/31\/wp-content\/uploads\/sites\/30\/2022\/10\/53298627798_dab4f9cd48_o-420x420.jpg 420w\" sizes=\"auto, (max-width: 200px) 100vw, 200px\" \/><strong>Heloisa Passos:<\/strong> \u00e9 realizadora de filmes e uma premiada diretora de fotografia. Dirigiu v\u00e1rios curtas-metragens, entre eles, \u201cViva Volta\u201d, com Raul de Souza e Maria Beth\u00e2nia. \u201cConstruindo Pontes\u201d, seu primeiro longa-metragem como diretora, estreou no Festival Internacional de Document\u00e1rios de Amsterd\u00e3 (IDFA) e recebeu diversos pr\u00eamios. \u201cEneida\u201d estreou no \u00c9 Tudo Verdade e entrou nas salas de cinema no Brasil e Portugal. Entre os mais de 40 filmes que fotografou, est\u00e3o longas premiados, como \u201cNothing Lasts Forever\u201d (Berlinale, 2022), \u201cDeslembro\u201d (Veneza, 2018), \u201cMulher do Pai\u201d (Berlinale, 2017), \u201cViajo Porque Preciso, Volto Porque Te Amo\u201d (Veneza, 2009) e \u201cManda Bala\u201d (Sundance, 2007).<\/p>\n<p><img loading=\"lazy\" decoding=\"async\" class=\"wp-image-2845 alignleft\" src=\"https:\/\/rede.mixbrasil.org.br\/31\/wp-content\/uploads\/sites\/30\/2022\/10\/53286182737_9792476b07_c-e1699354715722.jpg\" alt=\"\" width=\"200\" height=\"269\" \/><\/p>\n<p style=\"text-align: justify\"><strong>Pedro Guimar\u00e3es:<\/strong> \u00e9 professor e pesquisador em Cinema e Audiovisual (Instituto de Artes \u2013 Unicamp). Autor de &#8220;Helena Ignez, atriz experimental&#8221; (Edi\u00e7\u00f5es Sesc, 2021) e organizador de &#8220;Douglas Sirk, o pr\u00edncipe do melodrama&#8221; (CCBB, 2012), al\u00e9m de artigos sobre hist\u00f3ria e est\u00e9tica do cinema, estudos atorais e g\u00eaneros cinematogr\u00e1ficos (melodrama, musical, teoria dos g\u00eaneros). Curador da Mostra de Cinema de Tiradentes desde 2011.<\/p>\n<p>&nbsp;<\/p>\n<p><img loading=\"lazy\" decoding=\"async\" class=\"wp-image-2846 alignleft\" src=\"https:\/\/rede.mixbrasil.org.br\/31\/wp-content\/uploads\/sites\/30\/2022\/10\/53287072531_e5e30eb7f1_c.jpg\" alt=\"\" width=\"200\" height=\"200\" srcset=\"https:\/\/mixbrasil.org.br\/31\/wp-content\/uploads\/sites\/30\/2022\/10\/53287072531_e5e30eb7f1_c.jpg 800w, https:\/\/mixbrasil.org.br\/31\/wp-content\/uploads\/sites\/30\/2022\/10\/53287072531_e5e30eb7f1_c-300x300.jpg 300w, https:\/\/mixbrasil.org.br\/31\/wp-content\/uploads\/sites\/30\/2022\/10\/53287072531_e5e30eb7f1_c-150x150.jpg 150w, https:\/\/mixbrasil.org.br\/31\/wp-content\/uploads\/sites\/30\/2022\/10\/53287072531_e5e30eb7f1_c-768x768.jpg 768w, https:\/\/mixbrasil.org.br\/31\/wp-content\/uploads\/sites\/30\/2022\/10\/53287072531_e5e30eb7f1_c-696x696.jpg 696w, https:\/\/mixbrasil.org.br\/31\/wp-content\/uploads\/sites\/30\/2022\/10\/53287072531_e5e30eb7f1_c-420x420.jpg 420w\" sizes=\"auto, (max-width: 200px) 100vw, 200px\" \/><\/p>\n<p style=\"text-align: justify\"><strong>Viviane Pistache:<\/strong> \u00e9 preta e mineira. Atua como pesquisadora, cr\u00edtica, curadora, j\u00fari e roteirista, com passagem pelos setores de desenvolvimento de roteiro da Casa de Cria\u00e7\u00e3o Cinema e Artes, de Joel Zito Ara\u00fajo, da O2 Filmes e da TV Globo. Graduada em Psicologia pela Universidade Federal de Minas Gerais (UFMG), doutora pela Universidade de S\u00e3o Paulo (USP). Forma\u00e7\u00e3o em Roteiro e Dire\u00e7\u00e3o pela Academia Internacional de Cinema de S\u00e3o Paulo (AIC-SP).<\/p>\n<hr \/>\n<h3 style=\"text-align: justify\"><strong>COMPETITIVA CURTAS<\/strong><\/h3>\n<p><img loading=\"lazy\" decoding=\"async\" class=\"wp-image-2850 alignleft\" src=\"https:\/\/rede.mixbrasil.org.br\/31\/wp-content\/uploads\/sites\/30\/2022\/10\/53297533163_472cb06513_c.jpg\" alt=\"\" width=\"290\" height=\"194\" srcset=\"https:\/\/mixbrasil.org.br\/31\/wp-content\/uploads\/sites\/30\/2022\/10\/53297533163_472cb06513_c.jpg 799w, https:\/\/mixbrasil.org.br\/31\/wp-content\/uploads\/sites\/30\/2022\/10\/53297533163_472cb06513_c-300x201.jpg 300w, https:\/\/mixbrasil.org.br\/31\/wp-content\/uploads\/sites\/30\/2022\/10\/53297533163_472cb06513_c-768x513.jpg 768w, https:\/\/mixbrasil.org.br\/31\/wp-content\/uploads\/sites\/30\/2022\/10\/53297533163_472cb06513_c-150x100.jpg 150w, https:\/\/mixbrasil.org.br\/31\/wp-content\/uploads\/sites\/30\/2022\/10\/53297533163_472cb06513_c-696x465.jpg 696w, https:\/\/mixbrasil.org.br\/31\/wp-content\/uploads\/sites\/30\/2022\/10\/53297533163_472cb06513_c-628x420.jpg 628w\" sizes=\"auto, (max-width: 290px) 100vw, 290px\" \/><strong>Cris Lyra:<\/strong> \u00e9 roteirista, diretora e diretora de fotografia. Atualmente desenvolve seu primeiro longa-metragem. Seu curta &#8220;Quebramar&#8221; (2019) venceu o pr\u00eamio de melhor document\u00e1rio no Festival Internacional de Curta-Metragem de Clermont-Ferrand. Como diretora de fotografia, assina os longas-metragens &#8220;Tr\u00eas Tigres Tristes&#8221;, de Gustavo Vinagre, e &#8220;Ch\u00e3o&#8221;, de Camila Freitas, al\u00e9m do curta &#8220;Uma Paci\u00eancia Selvagem Me Trouxe At\u00e9 Aqui&#8221;, de \u00c9ri Sarmet.<\/p>\n<p><img loading=\"lazy\" decoding=\"async\" class=\"wp-image-2851 alignleft\" src=\"https:\/\/rede.mixbrasil.org.br\/31\/wp-content\/uploads\/sites\/30\/2022\/10\/53287072521_f32f1ceaef_c.jpg\" alt=\"\" width=\"200\" height=\"176\" srcset=\"https:\/\/mixbrasil.org.br\/31\/wp-content\/uploads\/sites\/30\/2022\/10\/53287072521_f32f1ceaef_c.jpg 800w, https:\/\/mixbrasil.org.br\/31\/wp-content\/uploads\/sites\/30\/2022\/10\/53287072521_f32f1ceaef_c-300x264.jpg 300w, https:\/\/mixbrasil.org.br\/31\/wp-content\/uploads\/sites\/30\/2022\/10\/53287072521_f32f1ceaef_c-768x677.jpg 768w, https:\/\/mixbrasil.org.br\/31\/wp-content\/uploads\/sites\/30\/2022\/10\/53287072521_f32f1ceaef_c-150x132.jpg 150w, https:\/\/mixbrasil.org.br\/31\/wp-content\/uploads\/sites\/30\/2022\/10\/53287072521_f32f1ceaef_c-696x613.jpg 696w, https:\/\/mixbrasil.org.br\/31\/wp-content\/uploads\/sites\/30\/2022\/10\/53287072521_f32f1ceaef_c-477x420.jpg 477w\" sizes=\"auto, (max-width: 200px) 100vw, 200px\" \/><\/p>\n<p style=\"text-align: justify\"><strong>\u00c9ri Sarmet:<\/strong> (elu\/ele) \u00e9 roteirista e diretore trans n\u00e3o bin\u00e1rie de Niter\u00f3i\/RJ. Escreveu e dirigiu tr\u00eas curtas-metragens: \u201cLatif\u00fandio\u201d (2017), \u201cUma Paci\u00eancia Selvagem Me Trouxe At\u00e9 Aqui\u201d (2021) e \u201cVoll\u00fapya\u201d (em p\u00f3s-produ\u00e7\u00e3o). Oficialmente selecionado em mais de 70 festivais nacionais e internacionais, \u201cPaci\u00eancia\u201d ganhou 20 pr\u00eamios, incluindo o Pr\u00eamio Especial do J\u00fari no Festival de Sundance. S\u00f3cio-fundador da Excesso Filmes, Sarmet \u00e9 doutorande em Meios e Processos Audiovisuais na Universidade de S\u00e3o Paulo (USP) e foi pesquisador visitante na NYU Tisch School of the Arts no 1\u00ba semestre de 2023. Atualmente desenvolve seu primeiro longa como diretor.<\/p>\n<p><img loading=\"lazy\" decoding=\"async\" class=\"wp-image-2852 alignleft\" src=\"https:\/\/rede.mixbrasil.org.br\/31\/wp-content\/uploads\/sites\/30\/2022\/10\/53287442549_87f2c0d3dd_c.jpg\" alt=\"\" width=\"200\" height=\"300\" srcset=\"https:\/\/mixbrasil.org.br\/31\/wp-content\/uploads\/sites\/30\/2022\/10\/53287442549_87f2c0d3dd_c.jpg 533w, https:\/\/mixbrasil.org.br\/31\/wp-content\/uploads\/sites\/30\/2022\/10\/53287442549_87f2c0d3dd_c-200x300.jpg 200w, https:\/\/mixbrasil.org.br\/31\/wp-content\/uploads\/sites\/30\/2022\/10\/53287442549_87f2c0d3dd_c-150x225.jpg 150w, https:\/\/mixbrasil.org.br\/31\/wp-content\/uploads\/sites\/30\/2022\/10\/53287442549_87f2c0d3dd_c-300x450.jpg 300w, https:\/\/mixbrasil.org.br\/31\/wp-content\/uploads\/sites\/30\/2022\/10\/53287442549_87f2c0d3dd_c-280x420.jpg 280w\" sizes=\"auto, (max-width: 200px) 100vw, 200px\" \/><\/p>\n<p style=\"text-align: justify\"><strong>Kelner Mac\u00eado:<\/strong> O paraibano Kelner Mac\u00eado \u00e9 ator e produtor de elenco. Atua no audiovisual h\u00e1 10 anos entre o cinema, s\u00e9ries e novelas. No cinema, \u00e9 conhecido pelo filme &#8220;Corpo El\u00e9trico&#8221;, de Marcelo Caetano, o qual protagonizou. Atualmente est\u00e1 filmando a novela original Globoplay &#8220;Guerreiros do Sol&#8221; e estreando o filme &#8220;A Metade de N\u00f3s&#8221;, de Fl\u00e1vio Botelho.<\/p>\n<p>&nbsp;<\/p>\n<p style=\"text-align: justify\">\n<p>&nbsp;<\/p>\n<p>&nbsp;<\/p>\n","protected":false},"excerpt":{"rendered":"<p>COMPETITIVA LONGAS Heloisa Passos: \u00e9 realizadora de filmes e uma premiada diretora de fotografia. Dirigiu v\u00e1rios curtas-metragens, entre eles, \u201cViva Volta\u201d, com Raul de Souza e Maria Beth\u00e2nia. \u201cConstruindo Pontes\u201d, seu primeiro longa-metragem como diretora, estreou no Festival Internacional de Document\u00e1rios de Amsterd\u00e3 (IDFA) e recebeu diversos pr\u00eamios. \u201cEneida\u201d estreou no \u00c9 Tudo Verdade e [&hellip;]<\/p>\n","protected":false},"author":12,"featured_media":0,"parent":0,"menu_order":0,"comment_status":"open","ping_status":"closed","template":"","meta":{"footnotes":""},"class_list":["post-898","page","type-page","status-publish"],"_links":{"self":[{"href":"https:\/\/mixbrasil.org.br\/31\/wp-json\/wp\/v2\/pages\/898","targetHints":{"allow":["GET"]}}],"collection":[{"href":"https:\/\/mixbrasil.org.br\/31\/wp-json\/wp\/v2\/pages"}],"about":[{"href":"https:\/\/mixbrasil.org.br\/31\/wp-json\/wp\/v2\/types\/page"}],"author":[{"embeddable":true,"href":"https:\/\/mixbrasil.org.br\/31\/wp-json\/wp\/v2\/users\/12"}],"replies":[{"embeddable":true,"href":"https:\/\/mixbrasil.org.br\/31\/wp-json\/wp\/v2\/comments?post=898"}],"version-history":[{"count":0,"href":"https:\/\/mixbrasil.org.br\/31\/wp-json\/wp\/v2\/pages\/898\/revisions"}],"wp:attachment":[{"href":"https:\/\/mixbrasil.org.br\/31\/wp-json\/wp\/v2\/media?parent=898"}],"curies":[{"name":"wp","href":"https:\/\/api.w.org\/{rel}","templated":true}]}}