{"id":2078,"date":"2023-10-19T21:13:30","date_gmt":"2023-10-20T00:13:30","guid":{"rendered":"https:\/\/mixbrasil.org.br\/31\/?p=2078"},"modified":"2023-10-19T21:13:30","modified_gmt":"2023-10-20T00:13:30","slug":"premiados-2023","status":"publish","type":"page","link":"https:\/\/mixbrasil.org.br\/32\/premiados-2023\/","title":{"rendered":"Premiados 2023"},"content":{"rendered":"\n<h3 class=\"wp-block-heading\"><strong><u>CINEMA<\/u><\/strong><\/h3>\n\n\n\n<h4 class=\"wp-block-heading\"><strong>Coelho de Ouro &#8211; Pr\u00eamio do J\u00fari da Mostra Competitiva Brasil<\/strong><\/h4>\n\n\n\n<ul class=\"wp-block-list\">\n<li>Melhor Curta-Metragem Brasileiro: <strong>OS ANIMAIS MAIS FOFOS E ENGRA\u00c7ADOS DO MUNDO<\/strong>, de Renato Sircilli<\/li>\n\n\n\n<li>Melhor Longa-Metragem Brasileiro: <strong>LEVANTE<\/strong>, de Lillah Halla<\/li>\n<\/ul>\n\n\n\n<p><strong>INCENTIVO:<\/strong> Os longas e curtas nacionais premiados tamb\u00e9m receber\u00e3o pr\u00eamios de incentivo \u00e0 realiza\u00e7\u00e3o de seus novos projetos audiovisuais atrav\u00e9s da parceria do Festival Mix Brasil com a <strong>DOTCINE, MISTIKA e CTAV<\/strong>, apoiadores da \u00e1rea cinematogr\u00e1fica.<\/p>\n\n\n\n<h4 class=\"wp-block-heading\"><strong>Coelho de Prata &#8211; Pr\u00eamio do J\u00fari da Mostra Competitiva Brasil para Curtas-metragens<\/strong><\/h4>\n\n\n\n<ul class=\"wp-block-list\">\n<li>Melhor Dire\u00e7\u00e3o: Aline A. Assis, Fernanda Elias, Nayla Guerra e Rita Quadros, por <strong>FERRO&#8217;S BAR<\/strong><\/li>\n\n\n\n<li>Melhor Roteiro: Daniel Nolasco, por <strong>O CAVALO DE PEDRO<\/strong><\/li>\n\n\n\n<li>Melhor Interpreta\u00e7\u00e3o: Paulo Goya, por <strong>OS ANIMAIS MAIS FOFOS E ENGRA\u00c7ADOS DO MUNDO<\/strong><\/li>\n<\/ul>\n\n\n\n<h4 class=\"wp-block-heading\"><strong>Coelho de Prata &#8211; Pr\u00eamio do J\u00fari da Mostra Competitiva Brasil para Longas e M\u00e9dias-metragens<\/strong><\/h4>\n\n\n\n<ul class=\"wp-block-list\">\n<li>Melhor Dire\u00e7\u00e3o: Carolina Markowicz, por <strong>PED\u00c1GIO<\/strong><\/li>\n\n\n\n<li>Melhor Roteiro: Fernanda Faya, por <strong>NEIRUD<\/strong><\/li>\n\n\n\n<li>Melhor Interpreta\u00e7\u00e3o: Ayomi Domenica, Loro Bardot, Onna Silva, Lorre Motta, Isabella Pinheiro, Helo\u00edsa Pires, Hel\u00f4 Campello, Karina Rie Ishida e Lorena Costa, atrizes e atores de <strong>LEVANTE<\/strong><\/li>\n\n\n\n<li>Men\u00e7\u00e3o Honrosa: Denise Weinberg e Cac\u00e1 Amaral, por <strong>A METADE DE N\u00d3S<\/strong><\/li>\n<\/ul>\n\n\n\n<h4 class=\"wp-block-heading\"><strong>Coelho de Prata &#8211; Pr\u00eamio do P\u00fablico<\/strong><\/h4>\n\n\n\n<ul class=\"wp-block-list\">\n<li>Melhor Curta-Metragem Nacional: <strong>FERRO\u2019S BAR<\/strong>, de Aline A. Assis, Fernanda Elias, Nayla Guerra, Rita Quadros<\/li>\n\n\n\n<li>Melhor Curta-Metragem Internacional: <strong>ACESO,<\/strong> de Elissa de Brito (Hungria, Alemanha, Brasil)<\/li>\n\n\n\n<li>Melhor Longa-Metragem Nacional: <strong>TUDO O QUE VOC\u00ca PODIA SER<\/strong>, de Ricardo Alves Jr.<\/li>\n\n\n\n<li>Melhor Longa-Metragem Internacional: <strong>ORLANDO, MINHA BIOGRAFIA POL\u00cdTICA<\/strong>, de Paul B. Preciado (Fran\u00e7a)<\/li>\n\n\n\n<li><strong> Pr\u00eamio Canal Brasil de Curtas:<\/strong> <strong>OS ANIMAIS MAIS FOFOS E ENGRA\u00c7ADOS DO MUNDO<\/strong>, de Renato Sircilli<\/li>\n\n\n\n<li><strong> Pr\u00eamio SescTV Apresenta:<\/strong> <strong>AVE MARIA<\/strong>, de P\u00ea Moreira<\/li>\n<\/ul>\n\n\n\n<h3 class=\"wp-block-heading\"><strong><u>MIX LITER\u00c1RIO<\/u><\/strong><\/h3>\n\n\n\n<ul class=\"wp-block-list\">\n<li><strong> Pr\u00eamio Mix Liter\u00e1rio: SODOMITA<\/strong> (Companhia das Letras), de Alexandre Vidal Porto<\/li>\n\n\n\n<li><strong>Men\u00e7\u00e3o Honrosa<\/strong>: <strong>N\u00c3O NASCI SABENDO<\/strong> (Harvi), de Aline Zouvi e <strong>SANT\u00cdSSIMO<\/strong> (Urutau) de Rafael Amorim<\/li>\n\n\n\n<li><strong> Pr\u00eamio Caio Fernando Abreu de Literatura<\/strong>: <strong>DOIS PRETO APAIXONADO NA CAMA<\/strong>, de Jordan<\/li>\n<\/ul>\n\n\n\n<h3 class=\"wp-block-heading\"><strong><u>MIX.XR<\/u><\/strong><\/h3>\n\n\n\n<h4 class=\"wp-block-heading\"><strong>Coelho de Prata<\/strong> &#8211; Pr\u00eamio do P\u00fablico<\/h4>\n\n\n\n<ul class=\"wp-block-list\">\n<li>P\u00fablico: QUEER UTOPIA, produ\u00e7\u00e3o da Mundivagante Studio<\/li>\n<\/ul>\n\n\n\n<h3 class=\"wp-block-heading\"><strong><u>PR\u00caMIOS ESPECIAIS<\/u><\/strong><\/h3>\n\n\n\n<ul class=\"wp-block-list\">\n<li><strong> Pr\u00eamio \u00cdcone Mix:<\/strong> Renata Carvalho<\/li>\n\n\n\n<li><strong> Pr\u00eamio Suzy Cap\u00f3:<\/strong>  Ayomi Domenica Dias, atriz do filme <strong>LEVANTE<\/strong><\/li>\n\n\n\n<li><strong> Pr\u00eamio Show do Gongo<\/strong>: <strong>LEITINHO DOCE<\/strong>, de Ada Anjos<\/li>\n\n\n\n<li><strong> Pr\u00eamio Ida Feldman:<\/strong> Bob Yang e Frederico Evaristo, coprodutores do espet\u00e1culo Intimidade Virtual e diretores dos curtas <strong>Peixe Vivo <\/strong>e <strong>Peixes Vivos<\/strong><\/li>\n<\/ul>\n\n\n\n<div style=\"height:60px\" aria-hidden=\"true\" class=\"wp-block-spacer\"><\/div>\n","protected":false},"excerpt":{"rendered":"<p>CINEMA Coelho de Ouro &#8211; Pr\u00eamio do J\u00fari da Mostra Competitiva Brasil INCENTIVO: Os longas e curtas nacionais premiados tamb\u00e9m receber\u00e3o pr\u00eamios de incentivo \u00e0 realiza\u00e7\u00e3o de seus novos projetos audiovisuais atrav\u00e9s da parceria do Festival Mix Brasil com a DOTCINE, MISTIKA e CTAV, apoiadores da \u00e1rea cinematogr\u00e1fica. Coelho de Prata &#8211; Pr\u00eamio do J\u00fari [&hellip;]<\/p>\n","protected":false},"author":12,"featured_media":0,"parent":0,"menu_order":0,"comment_status":"open","ping_status":"open","template":"","meta":{"_themeisle_gutenberg_block_has_review":false,"footnotes":""},"class_list":["post-2078","page","type-page","status-publish","hentry","missing-thumbnail"],"_links":{"self":[{"href":"https:\/\/mixbrasil.org.br\/32\/wp-json\/wp\/v2\/pages\/2078","targetHints":{"allow":["GET"]}}],"collection":[{"href":"https:\/\/mixbrasil.org.br\/32\/wp-json\/wp\/v2\/pages"}],"about":[{"href":"https:\/\/mixbrasil.org.br\/32\/wp-json\/wp\/v2\/types\/page"}],"author":[{"embeddable":true,"href":"https:\/\/mixbrasil.org.br\/32\/wp-json\/wp\/v2\/users\/12"}],"replies":[{"embeddable":true,"href":"https:\/\/mixbrasil.org.br\/32\/wp-json\/wp\/v2\/comments?post=2078"}],"version-history":[{"count":0,"href":"https:\/\/mixbrasil.org.br\/32\/wp-json\/wp\/v2\/pages\/2078\/revisions"}],"wp:attachment":[{"href":"https:\/\/mixbrasil.org.br\/32\/wp-json\/wp\/v2\/media?parent=2078"}],"curies":[{"name":"wp","href":"https:\/\/api.w.org\/{rel}","templated":true}]}}