{"id":3279,"date":"2023-11-04T11:13:38","date_gmt":"2023-11-04T14:13:38","guid":{"rendered":"https:\/\/mixbrasil.org.br\/31\/?page_id=3279"},"modified":"2023-11-04T11:13:38","modified_gmt":"2023-11-04T14:13:38","slug":"ficha-tecnica","status":"publish","type":"page","link":"https:\/\/mixbrasil.org.br\/32\/ficha-tecnica\/","title":{"rendered":"Ficha T\u00e9cnica"},"content":{"rendered":"\n<p><b>DIRE\u00c7\u00c3O &amp; CURADORIA TRANSM\u00cdDIA<\/b><\/p>\n\n\n\n<p><span style=\"font-weight: 400\">Andr\u00e9 Fischer<\/span><\/p>\n\n\n\n<p><b>DIRE\u00c7\u00c3O DE PROGRAMA\u00c7\u00c3O DE CINEMA<\/b><\/p>\n\n\n\n<p><span style=\"font-weight: 400\">Jo\u00e3o Federici<\/span><br>Marcio Miranda Perez<\/p>\n\n\n\n<p><b>COORDENA\u00c7\u00c3O DE PRODU\u00c7\u00c3O<\/b><\/p>\n\n\n\n<p>K\u00e1tia Ciccone<br>Ra\u00ed Gandra<\/p>\n\n\n\n<p><b>ASSISTENTE DE PRODU\u00c7\u00c3O<\/b><\/p>\n\n\n\n<p><span style=\"font-weight: 400\">Quebrantxy<\/span><\/p>\n\n\n\n<p><b>PRESTA\u00c7\u00c3O DE CONTAS &amp; FINANCEIRO<\/b><\/p>\n\n\n\n<p><span style=\"font-weight: 400\">Abrupta Produ\u00e7\u00f5es Art\u00edsticas<\/span><\/p>\n\n\n\n<p><b>HOSPITALIDADE<\/b><\/p>\n\n\n\n<p><span style=\"font-weight: 400\">K\u00e1tia Ciccone<\/span><\/p>\n\n\n\n<p><b>MONITORIA<\/b><\/p>\n\n\n\n<p>PJ 2Hs Entretenimento<\/p>\n\n\n\n<p><b>COMIT\u00ca DE SELE\u00c7\u00c3O DE FILMES<\/b><\/p>\n\n\n\n<p>Andr\u00e9 Fischer<br>Jo\u00e3o Federici<br>Julia Katharine<br>Marcio Miranda Perez<br>Mirella Fa\u00e7anha<br>Pedro Tinen<br>Victor Di Marco<br>Viviane Pistache<\/p>\n\n\n\n<p><b>ARTES VISUAIS<\/b><\/p>\n\n\n\n<p>Ocupa\u00e7\u00e3o Artemisia \/ naUapi<br>St\u00e9phane Malysse<\/p>\n\n\n\n<p><strong>APRESENTA\u00c7\u00c3O SHOW DO GONGO<\/strong><\/p>\n\n\n\n<p>Bruno Motta &amp; Gongada drag<\/p>\n\n\n\n<h3 class=\"wp-block-heading\"><b>MERCADO MUNDO MIX 30 ANOS<\/b><\/h3>\n\n\n\n<p><strong>IDEALIZA\u00c7\u00c3O<\/strong><\/p>\n\n\n\n<p>Beto Lago<\/p>\n\n\n\n<p><strong>PRODU\u00c7\u00c3O &amp; CURADORIA <\/strong><\/p>\n\n\n\n<p>Feira de ideias<\/p>\n\n\n\n<p><b>PRODU\u00c7\u00c3O &amp; CURADORIA MIXLITER\u00c1RIO<\/b><\/p>\n\n\n\n<p><span style=\"font-weight: 400\">Alexandre Rabelo<\/span><\/p>\n\n\n\n<p><b>PRODU\u00c7\u00c3O MIXMUSIC<\/b><\/p>\n\n\n\n<p><span style=\"font-weight: 400\">Ra\u00ed Gandra<\/span><\/p>\n\n\n\n<p><b>PRODU\u00c7\u00c3O MIXGAMES<\/b><\/p>\n\n\n\n<p><span style=\"font-weight: 400\">Osvaldo Ortega<\/span><\/p>\n\n\n\n<h3 class=\"wp-block-heading\"><b>MIXLAB SPCINE<\/b><\/h3>\n\n\n\n<p><b>COORDENA\u00c7\u00c3O<\/b><\/p>\n\n\n\n<p><span style=\"font-weight: 400\">Andr\u00e9 Fischer<\/span><\/p>\n\n\n\n<p><b><strong>APRESENTA\u00c7\u00c3O<\/strong><\/b><\/p>\n\n\n\n<p><span style=\"font-weight: 400\">Ana Arruda<\/span><\/p>\n\n\n\n<p><b>COORDENA\u00c7\u00c3O DE M\u00cdDIAS AUDIOVISUAIS<\/b><\/p>\n\n\n\n<p>Hyran De Mula<\/p>\n\n\n\n<p><b><strong>COORDENA\u00c7\u00c3O RV<\/strong><\/b><\/p>\n\n\n\n<p><span style=\"font-weight: 400\">Robson Catalunha<\/span><\/p>\n\n\n\n<p><b>ASSESSORIA DE IMPRENSA<\/b><\/p>\n\n\n\n<p>ATTI Comunica\u00e7\u00e3o e Ideias<br>Eliz Ferreira e Val\u00e9ria Blanco<span style=\"font-weight: 400\"><\/span><\/p>\n\n\n\n<p><b>REDES SOCIAIS<\/b><\/p>\n\n\n\n<p><span style=\"font-weight: 400\">Juma Mascarenhas<\/span><\/p>\n\n\n\n<p><strong>DESENVOLVIMENTO WEB<\/strong><\/p>\n\n\n\n<p>Diego Rojas e Guilherme Bressane<\/p>\n\n\n\n<p><b>FOTOS<\/b><\/p>\n\n\n\n<p><span style=\"font-weight: 400\">Amanda Clemente<\/span><br>Lucas Bonillo<\/p>\n\n\n\n<p><b>EDI\u00c7\u00c3O DE V\u00cdDEOS<\/b><\/p>\n\n\n\n<p>Matheus Pires<br>Vinicius Tartaro<\/p>\n\n\n\n<p><b>MAKING OF<\/b><\/p>\n\n\n\n<p>Geraldo Arcanjo<\/p>\n\n\n\n<p><b>COORDENA\u00c7\u00c3O DE TRADU\u00c7\u00c3O E LEGENDAS<\/b><\/p>\n\n\n\n<p><span style=\"font-weight: 400\">4 Esta\u00e7\u00f5es<\/span><\/p>\n\n\n\n<p><b>TROF\u00c9US COELHO DE PRATA E OURO<\/b><\/p>\n\n\n\n<p><span style=\"font-weight: 400\">Duilio Ferronato<\/span><span style=\"font-weight: 400\"><\/span><\/p>\n\n\n\n<p><b>MANUTEN\u00c7\u00c3O DO SITE<\/b><\/p>\n\n\n\n<p><span style=\"font-weight: 400\">Site de Artista<\/span><\/p>\n\n\n\n<p><b>DESIGN DE MATERIAIS GR\u00c1FICOS<\/b><\/p>\n\n\n\n<p>Carolina Akary Fuzuaka<br>Ricardo Sarach\u00e1ga<span style=\"font-weight: 400\"><\/span><\/p>\n\n\n\n<h3 class=\"wp-block-heading\"><b>CAT\u00c1LOGO<\/b><\/h3>\n\n\n\n<p><b>PROJETO GR\u00c1FICO<\/b><\/p>\n\n\n\n<p><span style=\"font-weight: 400\">Carolina Akary Fuzuaka<\/span><\/p>\n\n\n\n<p><b>CONTE\u00daDO<\/b><\/p>\n\n\n\n<p>Andr\u00e9 Fischer<br>K\u00e1tia Ciccone<br>Marcio Miranda Perez<br>Ra\u00ed Gandra<\/p>\n\n\n\n<p><b>REVIS\u00c3O E TRADU\u00c7\u00c3O<\/b><\/p>\n\n\n\n<p><span style=\"font-weight: 400\">Flora Braga<\/span><\/p>\n\n\n\n<h3 class=\"wp-block-heading\"><b>PLATAFORMAS DIGITAIS<\/b><\/h3>\n\n\n\n<p><span style=\"font-weight: 400\">Ita\u00fa Cultural Play<br><\/span><span style=\"font-weight: 400\">Sesc Digital<br><\/span><span style=\"font-weight: 400\">Spcine Play<br><\/span><span style=\"font-weight: 400\">Youtube Festival MixBrasil<\/span><\/p>\n\n\n\n<h3 class=\"wp-block-heading\"><b>IDENTIDADE VISUAL MIXBRASIL 2024<\/b><\/h3>\n\n\n\n<p><strong>EQUIPE T\u00c9CNICA<\/strong><\/p>\n\n\n\n<p><strong>Ag\u00eancia: <\/strong>Talent<br><strong>Chief Executive Officer:<\/strong> Lica Bueno<br><strong>CCO: <\/strong>Gustavo Victorino<br><strong>Diretor Executivo de Cria\u00e7\u00e3o:<\/strong> Danilo Janjacomo e Ana Carolina Reis<br><strong>Cria\u00e7\u00e3o:<\/strong> Leandro Chist\u00e9 e Fillipe Abreu<br><strong>Diretor Produ\u00e7\u00e3o Integrada:<\/strong> Victor Alloza<br><strong>Produtora RTV:<\/strong> Erika Sartini<br><strong>Art buyer: <\/strong>Daniele Sampaio<br><strong>Retoque:<\/strong> Hadolpho Correa<br><strong>Produtora:<\/strong> Vetor Zero<br><strong>Dire\u00e7\u00e3o: <\/strong>Gabriel N\u00f3brega<br><strong>Dire\u00e7\u00e3o de fotografia:<\/strong> Lucas Barreto<br><strong>Produ\u00e7\u00e3o Executiva: <\/strong>Francisco Puech e Diego Dossa<br><strong>Diretor de Produ\u00e7\u00e3o: <\/strong>Edu Ramos<br><strong>Produtora:<\/strong> Raquel Conde<br><strong>Diretor de Novos Neg\u00f3cios: <\/strong>Luiz Braga<br><strong>Diretora de Projetos:<\/strong> Marcia Guimar\u00e3es<br><strong>Gerente de Projetos:<\/strong> Monica Andrade<br><strong>Dire\u00e7\u00e3o de arte: <\/strong>Nat\u00e1lia Neves<br><strong>Bonequeira e aderecista:<\/strong> Fabiana Fukui<br><strong>Aderecista: <\/strong>Marcela Biasi<br><strong>Coordena\u00e7\u00e3o de p\u00f3s:<\/strong> Tatiana Caparelli<br><strong>Coordena\u00e7\u00e3o de equipe: <\/strong>Rosangela Gomes<br><strong>Montagem: <\/strong>Pedro Falcone<br><strong>Finaliza\u00e7\u00e3o:<\/strong> Eduardo Silva e Ricardo Vaz<br><strong>Composi\u00e7\u00e3o:<\/strong> Carlos Campos e Rodrigo Silva<br><strong>Cor: <\/strong>Clandestino<br><strong>Motion: <\/strong>Fabiano Broki, Rafael Valle e Luiz Ferreira<br><strong>Estrat\u00e9gia e Conte\u00fado: <\/strong>Mat Rodrigues<br><strong>Produtora de som:<\/strong> Evil Twin Music<br><strong>Produ\u00e7\u00e3o Musical:<\/strong> Murilo Faria, Peter Sauces e Andr\u00e9 Faria<br><strong>Atendimento:<\/strong> Manoella Coelho da Fonseca, Let\u00edcia Brito, Juliana Tangary e Tha\u00eds Becker<br><strong>Mixagem e Finaliza\u00e7\u00e3o:<\/strong> Rafael Vieira, Gustavo Boselli, Andr\u00e9 D&#8217;\u00c1vila e Paulo Ribeiro<br><strong>Locu\u00e7\u00e3o:<\/strong> Linn da Quebrada<br><strong>Fot\u00f3grafo:<\/strong> Ricardo Barcellos<br><strong>Assistente: <\/strong>Humberto Felga<br><strong>Produ\u00e7\u00e3o Executiva: <\/strong>Thais Sanches<\/p>\n\n\n\n<p><b>ASSESSORIA CONT\u00c1BIL<\/b><\/p>\n\n\n\n<p>Rosana Santos Da Cruz<br>Santos Assessoria Cont\u00e1bil<br>Solange Baldenebro<br>Valdir Carvalho<span style=\"font-weight: 400\"><\/span><\/p>\n\n\n\n<h3 class=\"wp-block-heading\"><b>REALIZA\u00c7\u00c3O<\/b><\/h3>\n\n\n<div class=\"wp-block-image\">\n<figure class=\"alignleft size-medium\"><img loading=\"lazy\" decoding=\"async\" width=\"300\" height=\"174\" src=\"https:\/\/mixbrasil.org.br\/43\/wp-content\/uploads\/2024\/11\/Logo_Associacao_Mix_Brasil-Branco-300x174.png\" alt=\"\" class=\"wp-image-6568\" style=\"object-fit:cover\" srcset=\"https:\/\/mixbrasil.org.br\/32\/wp-content\/uploads\/sites\/32\/2024\/11\/Logo_Associacao_Mix_Brasil-Branco-300x174.png 300w, https:\/\/mixbrasil.org.br\/32\/wp-content\/uploads\/sites\/32\/2024\/11\/Logo_Associacao_Mix_Brasil-Branco.png 595w\" sizes=\"auto, (max-width: 300px) 100vw, 300px\" \/><\/figure>\n<\/div>\n\n\n<div style=\"height:10px\" aria-hidden=\"true\" class=\"wp-block-spacer\"><\/div>\n\n\n\n<p><b>PRESID\u00caNCIA<\/b><\/p>\n\n\n\n<p><span style=\"font-weight: 400\">Josi Geller<\/span><\/p>\n\n\n\n<p><b>VICE PRESID\u00caNCIA<\/b><\/p>\n\n\n\n<p><span style=\"font-weight: 400\">Andrea Isabel de Oliveira Amadeo<\/span><\/p>\n\n\n\n<p><b>DIRETORIA T\u00c9CNICA<\/b><\/p>\n\n\n\n<p><span style=\"font-weight: 400\">Marco Donini<\/span><\/p>\n\n\n\n<p><b>CONSELHO<\/b><\/p>\n\n\n\n<p><span style=\"font-weight: 400\">Francisco Zelesnikar<br><\/span><span style=\"font-weight: 400\">Gabriella P\u00e1ssaro<\/span><\/p>\n","protected":false},"excerpt":{"rendered":"<p>DIRE\u00c7\u00c3O &amp; CURADORIA TRANSM\u00cdDIA Andr\u00e9 Fischer DIRE\u00c7\u00c3O DE PROGRAMA\u00c7\u00c3O DE CINEMA Jo\u00e3o FedericiMarcio Miranda Perez COORDENA\u00c7\u00c3O DE PRODU\u00c7\u00c3O K\u00e1tia CicconeRa\u00ed Gandra ASSISTENTE DE PRODU\u00c7\u00c3O Quebrantxy PRESTA\u00c7\u00c3O DE CONTAS &amp; FINANCEIRO Abrupta Produ\u00e7\u00f5es Art\u00edsticas HOSPITALIDADE K\u00e1tia Ciccone MONITORIA PJ 2Hs Entretenimento COMIT\u00ca DE SELE\u00c7\u00c3O DE FILMES Andr\u00e9 FischerJo\u00e3o FedericiJulia KatharineMarcio Miranda PerezMirella Fa\u00e7anhaPedro TinenVictor Di MarcoViviane [&hellip;]<\/p>\n","protected":false},"author":13,"featured_media":0,"parent":0,"menu_order":0,"comment_status":"closed","ping_status":"closed","template":"","meta":{"_themeisle_gutenberg_block_has_review":false,"footnotes":""},"class_list":["post-3279","page","type-page","status-publish","hentry","missing-thumbnail"],"_links":{"self":[{"href":"https:\/\/mixbrasil.org.br\/32\/wp-json\/wp\/v2\/pages\/3279","targetHints":{"allow":["GET"]}}],"collection":[{"href":"https:\/\/mixbrasil.org.br\/32\/wp-json\/wp\/v2\/pages"}],"about":[{"href":"https:\/\/mixbrasil.org.br\/32\/wp-json\/wp\/v2\/types\/page"}],"author":[{"embeddable":true,"href":"https:\/\/mixbrasil.org.br\/32\/wp-json\/wp\/v2\/users\/13"}],"replies":[{"embeddable":true,"href":"https:\/\/mixbrasil.org.br\/32\/wp-json\/wp\/v2\/comments?post=3279"}],"version-history":[{"count":0,"href":"https:\/\/mixbrasil.org.br\/32\/wp-json\/wp\/v2\/pages\/3279\/revisions"}],"wp:attachment":[{"href":"https:\/\/mixbrasil.org.br\/32\/wp-json\/wp\/v2\/media?parent=3279"}],"curies":[{"name":"wp","href":"https:\/\/api.w.org\/{rel}","templated":true}]}}