{"id":894,"date":"2023-10-25T17:55:13","date_gmt":"2023-10-25T20:55:13","guid":{"rendered":"https:\/\/mixbrasil.org.br\/31\/?p=894"},"modified":"2023-10-25T17:55:13","modified_gmt":"2023-10-25T20:55:13","slug":"apresentacao","status":"publish","type":"page","link":"https:\/\/mixbrasil.org.br\/32\/apresentacao\/","title":{"rendered":"Apresenta\u00e7\u00e3o"},"content":{"rendered":"\n<p>Boas-vindas ao 32\u00ba Festival MixBrasil de Cultura e Diversidade!<\/p>\n\n\n\n<p>Nesta edi\u00e7\u00e3o, o MixBrasil reafirma sua ess\u00eancia como um espa\u00e7o de resist\u00eancia e transforma\u00e7\u00e3o. Com menos recursos, mas ainda mais determina\u00e7\u00e3o, provamos que o festival \u00e9, mais do que um evento, um movimento em rede de forte impacto cultural. Sob o tema \u201c\u00c9 na luz que a gente se encontra\u201d, homenageamos a mariposa \u2013 s\u00edmbolo de uma busca incans\u00e1vel pela luz, que reflete a jornada da comunidade LGBT+ em dire\u00e7\u00e3o \u00e0 visibilidade e ao reconhecimento. A campanha deste ano, assinada por Talent, produzida pela Vetor Zero, Evil Twin e com participa\u00e7\u00e3o de Linn da Quebrada, nos trouxe de volta ao filme tradicional, ap\u00f3s a fant\u00e1stica experimenta\u00e7\u00e3o com intelig\u00eancia artificial no ano passado.<\/p>\n\n\n\n<p>Ao longo da programa\u00e7\u00e3o, o p\u00fablico ter\u00e1 acesso a uma diversidade de filmes de destaque no circuito internacional e ao melhor da produ\u00e7\u00e3o audiovisual nacional de tem\u00e1tica da diversidade. Sess\u00f5es foram viabilizadas com parcerias como<br>o MixLiter\u00e1rio; a ocupa\u00e7\u00e3o de Artes Visuais com os coletivos Cuscuz e Artemisia; o MixMusic, apresentado por talentos absolutamente diversos; MixGames, realizado com a Gamescom Latam; e a celebra\u00e7\u00e3o dos 30 anos do Mercado Mundo Mix com a Feira de Ideias. Este ano, o Show do Gongo \u2013 tradicional e infame momento do festival \u2013 ter\u00e1 uma edi\u00e7\u00e3o especial, com a irrever\u00eancia do sucesso Gongada Drag.<\/p>\n\n\n\n<p>A tecnologia imersiva segue em destaque, proporcionando experi\u00eancias \u00fanicas que conectam o p\u00fablico de forma inovadora. O MIX.XR, maior programa\u00e7\u00e3o LGBT+ de realidades imersivas no mundo, cresce com conte\u00fados multiusu\u00e1rio e realidade virtual que se fundem com performance, holografia e intelig\u00eancia artificial, criando novas maneiras de expandir as narrativas LGBT+.<\/p>\n\n\n\n<p>O 32\u00ba MixBrasil celebra a diversidade por meio de mais de duzentas obras e atividades de 32 pa\u00edses, com filmes, shows, performances, em exposi\u00e7\u00f5es de artes visuais, games, oficinas, leitura dram\u00e1tica e pain\u00e9is liter\u00e1rios. Em cada atividade, o p\u00fablico \u00e9 convidado a interagir e se reconhecer na luz da pluralidade, da resist\u00eancia e da liberdade.<\/p>\n\n\n\n<p>O cineasta Bruce LaBruce \u00e9 \u00cdcone Mix 2024 e se junta a outros \u00edcones que influenciaram e participaram da trajet\u00f3ria do MixBrasil: Gus Van Sant, Jo\u00e3o Nery, Marina Lima, Marcia Pantera, Ney Matogrosso, Linn da Quebrada e Renata Carvalho. Aos 60 anos, Bruce retorna pela terceira vez ao festival, com uma exposi\u00e7\u00e3o imersiva no MIS, seu novo filme, &#8220;The Visitor&#8221;, al\u00e9m de nos brindar com DJ set na festa em sua homenagem da Galeria Vermelho, aberta ao p\u00fablico. Falando em festas, elas voltam com for\u00e7a \u00e0 programa\u00e7\u00e3o oficial em quase todas as noites.<\/p>\n\n\n\n<p>A programa\u00e7\u00e3o do MixLab Spcine inclui workshops e debates sobre representa\u00e7\u00f5es transumanas, interseccionalidades e intelig\u00eancia artificial no cinema e nas realidades imersivas, al\u00e9m de uma resid\u00eancia art\u00edstica da franco-chilena Selva Gonz\u00e1lez, cuja produ\u00e7\u00e3o e pesquisa une biologia e realidade virtual.<\/p>\n\n\n\n<p>O festival ocupa muitos lugares espalhados por S\u00e3o Paulo: cinco espa\u00e7os no MIS, Cinesesc, Instituto Moreira Salles, Teatro S\u00e9rgio Cardoso, Cine Olido Sala Paulo Em\u00edlio no CCSP, Biblioteca M\u00e1rio de Andrade, Galeria Vermelho, Galeria Pi\u00e8ge Pour Un Voyeur e a Ocupa\u00e7\u00e3o Artemisia. No ambiente digital, o MixBrasil expande seu alcance atrav\u00e9s de seus canais no YouTube e Instagram, e exibi\u00e7\u00f5es de filmes nas plataformas parceiras Sesc Digital, Spcine Play e ItauCultural Play.<\/p>\n\n\n\n<p>Esta jornada \u00e9 poss\u00edvel gra\u00e7as ao trabalho incans\u00e1vel de nossa brava equipe e ao apoio de parceiros como Ita\u00fa, Sesc SP, Spcine e o Consulado da Fran\u00e7a, entre outras institui\u00e7\u00f5es. Nosso compromisso com a sustentabilidade tamb\u00e9m se fortalece: estamos focados em pr\u00e1ticas que reduzem o impacto ambiental e que sejam vi\u00e1veis financeiramente e em a\u00e7\u00f5es que ampliem a acessibilidade, para que o MixBrasil continue sendo um espa\u00e7o inclusivo para todos.<\/p>\n\n\n\n<p>Que esta edi\u00e7\u00e3o seja uma jornada de encontros luminosos!<\/p>\n\n\n\n<p><em>Andr\u00e9 Fischer<\/em><\/p>\n","protected":false},"excerpt":{"rendered":"<p>Boas-vindas ao 32\u00ba Festival MixBrasil de Cultura e Diversidade! Nesta edi\u00e7\u00e3o, o MixBrasil reafirma sua ess\u00eancia como um espa\u00e7o de resist\u00eancia e transforma\u00e7\u00e3o. Com menos recursos, mas ainda mais determina\u00e7\u00e3o, provamos que o festival \u00e9, mais do que um evento, um movimento em rede de forte impacto cultural. Sob o tema \u201c\u00c9 na luz que [&hellip;]<\/p>\n","protected":false},"author":12,"featured_media":0,"parent":0,"menu_order":0,"comment_status":"closed","ping_status":"open","template":"","meta":{"_themeisle_gutenberg_block_has_review":false,"footnotes":""},"class_list":["post-894","page","type-page","status-publish","hentry","missing-thumbnail"],"_links":{"self":[{"href":"https:\/\/mixbrasil.org.br\/32\/wp-json\/wp\/v2\/pages\/894","targetHints":{"allow":["GET"]}}],"collection":[{"href":"https:\/\/mixbrasil.org.br\/32\/wp-json\/wp\/v2\/pages"}],"about":[{"href":"https:\/\/mixbrasil.org.br\/32\/wp-json\/wp\/v2\/types\/page"}],"author":[{"embeddable":true,"href":"https:\/\/mixbrasil.org.br\/32\/wp-json\/wp\/v2\/users\/12"}],"replies":[{"embeddable":true,"href":"https:\/\/mixbrasil.org.br\/32\/wp-json\/wp\/v2\/comments?post=894"}],"version-history":[{"count":0,"href":"https:\/\/mixbrasil.org.br\/32\/wp-json\/wp\/v2\/pages\/894\/revisions"}],"wp:attachment":[{"href":"https:\/\/mixbrasil.org.br\/32\/wp-json\/wp\/v2\/media?parent=894"}],"curies":[{"name":"wp","href":"https:\/\/api.w.org\/{rel}","templated":true}]}}