{"id":3279,"date":"2023-11-04T11:13:38","date_gmt":"2023-11-04T14:13:38","guid":{"rendered":"https:\/\/mixbrasil.org.br\/31\/?page_id=3279"},"modified":"2025-11-11T09:51:37","modified_gmt":"2025-11-11T12:51:37","slug":"ficha-tecnica","status":"publish","type":"page","link":"https:\/\/mixbrasil.org.br\/33\/ficha-tecnica\/","title":{"rendered":"Ficha T\u00e9cnica"},"content":{"rendered":"\n<p><b>DIRE\u00c7\u00c3O ART\u00cdSTICA<\/b><\/p>\n\n\n\n<p><span style=\"font-weight: 400;\">Andr\u00e9 Fischer<\/span><\/p>\n\n\n\n<p><b>DIRE\u00c7\u00c3O DE PROGRAMA\u00c7\u00c3O DE CINEMA<\/b><\/p>\n\n\n\n<p>Marcio Miranda Perez<\/p>\n\n\n\n<p><b>COORDENA\u00c7\u00c3O DE PRODU\u00c7\u00c3O<\/b><\/p>\n\n\n\n<p>Ra\u00ed Gandra<\/p>\n\n\n\n<p><b>PRODU\u00c7\u00c3O<\/b><\/p>\n\n\n\n<p>J\u00fanior Oliveira<\/p>\n\n\n\n<p><b>ASSISTENTE DE PRODU\u00c7\u00c3O<\/b><\/p>\n\n\n\n<p><span style=\"font-weight: 400;\">Isabella Pereira<\/span><\/p>\n\n\n\n<p><b>PRESTA\u00c7\u00c3O DE CONTAS &amp; FINANCEIRO<\/b><\/p>\n\n\n\n<p><span style=\"font-weight: 400;\">Abrupta Produ\u00e7\u00f5es Art\u00edsticas<\/span><\/p>\n\n\n\n<p><b>HOSPITALIDADE<\/b><\/p>\n\n\n\n<p><span style=\"font-weight: 400;\">Mauricio Kinoshita<\/span><\/p>\n\n\n\n<p><b>MONITORIA<\/b><\/p>\n\n\n\n<p>PJ 2Hs Entretenimento<\/p>\n\n\n\n<p><b>COMIT\u00ca DE SELE\u00c7\u00c3O DE FILMES<\/b><\/p>\n\n\n\n<p>Andr\u00e9 Fischer<br>Julia Katharine<br>Luca Lauri<br>Marcio Miranda Perez<br>Pedro Tinen<br>Ra\u00ed Gandra<br>Tatiana Groff<br>Victor Di Marco<br>Vivi Pistache<\/p>\n\n\n\n<p><b>ARTES VISUAIS<\/b><\/p>\n\n\n\n<p>V\u00f3rtice Cultural<br>Coletivo Realidades<br>Depois do Fim da Arte<\/p>\n\n\n\n<p><strong>APRESENTA\u00c7\u00c3O SHOW DO GONGO<\/strong><\/p>\n\n\n\n<p>Marisa Orth<\/p>\n\n\n\n<p><strong>CURADORIA DRAM\u00c1TICA<\/strong><\/p>\n\n\n\n<p>Vanessa Bruno<\/p>\n\n\n\n<p><b>CURADORIA MIXLITER\u00c1RIO<\/b><\/p>\n\n\n\n<p><span style=\"font-weight: 400;\">Alexandre Rabelo<\/span><\/p>\n\n\n\n<p><b>PRODU\u00c7\u00c3O MIXLITER\u00c1RIO<\/b><\/p>\n\n\n\n<p>Natasha Sanchez<\/p>\n\n\n\n<p><b>PRODU\u00c7\u00c3O MIXGAMES<\/b><\/p>\n\n\n\n<p><span style=\"font-weight: 400;\">Osvaldo Ortega<\/span><\/p>\n\n\n\n<h3 class=\"wp-block-heading\"><b>MIXLAB<\/b><\/h3>\n\n\n\n<p><b>COORDENA\u00c7\u00c3O<\/b><\/p>\n\n\n\n<p><span style=\"font-weight: 400;\">Andr\u00e9 Fischer<\/span><\/p>\n\n\n\n<p><b>COORDENA\u00c7\u00c3O DE M\u00cdDIAS AUDIOVISUAIS<\/b><\/p>\n\n\n\n<p>Hyran De Mula<\/p>\n\n\n\n<p><b><strong>COORDENA\u00c7\u00c3O RV<\/strong><\/b><\/p>\n\n\n\n<p><span style=\"font-weight: 400;\">Robson Catalunha<\/span><\/p>\n\n\n\n<p><b>ASSESSORIA DE IMPRENSA<\/b><\/p>\n\n\n\n<p>ATTI Comunica\u00e7\u00e3o e Ideias<br>Eliz Ferreira e Val\u00e9ria Blanco<span style=\"font-weight: 400;\"><\/span><\/p>\n\n\n\n<p><b>REDES SOCIAIS<\/b><\/p>\n\n\n\n<p><span style=\"font-weight: 400;\">Pevi56<\/span><\/p>\n\n\n\n<p><b>FOTOS<\/b><\/p>\n\n\n\n<p>Amanda Clemente<br>Lucas Bonillo<\/p>\n\n\n\n<p><b>EDI\u00c7\u00c3O DE V\u00cdDEOS<\/b><\/p>\n\n\n\n<p>Alex Girardi<br>Vinicius Tartaro<\/p>\n\n\n\n<p><b>MAKING OF<\/b><\/p>\n\n\n\n<p>Geraldo Arcanjo<\/p>\n\n\n\n<p><b>COORDENA\u00c7\u00c3O DE TRADU\u00c7\u00c3O E LEGENDAS<\/b><\/p>\n\n\n\n<p><span style=\"font-weight: 400;\">4 Esta\u00e7\u00f5es<\/span><\/p>\n\n\n\n<p><b>TROF\u00c9US COELHO DE PRATA E OURO<\/b><\/p>\n\n\n\n<p><span style=\"font-weight: 400;\">Duilio Ferronato<\/span><span style=\"font-weight: 400;\"><\/span><\/p>\n\n\n\n<p><b>MANUTEN\u00c7\u00c3O SITE<\/b><\/p>\n\n\n\n<p><span style=\"font-weight: 400;\">Site de Artista<\/span><\/p>\n\n\n\n<p><b>DESIGN E PROJETO DE MATERIAIS GR\u00c1FICOS<\/b><\/p>\n\n\n\n<p>Alex Girardi<\/p>\n\n\n\n<h3 class=\"wp-block-heading\"><b>CAT\u00c1LOGO<\/b><\/h3>\n\n\n\n<p><b>CONTE\u00daDO<\/b><\/p>\n\n\n\n<p>Andr\u00e9 Fischer<br>Junior Oliveira<br>Marcio Miranda Perez<br>Ra\u00ed Gandra<\/p>\n\n\n\n<p><b>REVIS\u00c3O E TRADU\u00c7\u00c3O<\/b><\/p>\n\n\n\n<p>Jakson Correia<br>ChatGPT<\/p>\n\n\n\n<p><b>PLATAFORMAS DIGITAIS<\/b><\/p>\n\n\n\n<p><span style=\"font-weight: 400;\">Ita\u00fa Cultural Play<br><\/span><span style=\"font-weight: 400;\">Sesc Digital<br><\/span><span style=\"font-weight: 400;\">Spcine Play<br><\/span><span style=\"font-weight: 400;\">Youtube Festival MixBrasil<\/span><\/p>\n\n\n\n<p><b>IDENTIDADE VISUAL MIXBRASIL 2025<\/b><\/p>\n\n\n\n<p>Ag\u00eancia Talent<\/p>\n\n\n\n<p><b>ASSESSORIA CONT\u00c1BIL<\/b><\/p>\n\n\n\n<p>Santos Assessoria Cont\u00e1bil<\/p>\n\n\n\n<h3 class=\"wp-block-heading\"><b>REALIZA\u00c7\u00c3O<\/b><\/h3>\n\n\n<div class=\"wp-block-image\">\n<figure class=\"alignleft size-medium\"><img decoding=\"async\" src=\"https:\/\/mixbrasil.org.br\/32\/wp-content\/uploads\/2024\/11\/Logo_Associacao_Mix_Brasil-Branco-300x174.png\" alt=\"\" class=\"wp-image-6568\" style=\"object-fit:cover\"\/><\/figure>\n<\/div>\n\n\n<div style=\"height:10px\" aria-hidden=\"true\" class=\"wp-block-spacer\"><\/div>\n\n\n\n<p><b>PRESID\u00caNCIA<\/b><\/p>\n\n\n\n<p><span style=\"font-weight: 400;\">Andr\u00e9 Fischer<\/span><\/p>\n\n\n\n<p><b>VICE PRESID\u00caNCIA<\/b><\/p>\n\n\n\n<p><span style=\"font-weight: 400;\">Marcelo Guimar\u00e3es<\/span><\/p>\n\n\n\n<p><b>DIRETORIA T\u00c9CNICA<\/b><\/p>\n\n\n\n<p><span style=\"font-weight: 400;\">Marco Donini<\/span><\/p>\n\n\n\n<p><b>CONSELHO<\/b><\/p>\n\n\n\n<p>Francisco Zelesnikar<br>Danilo Janjacomo<br>Ida Feldman<\/p>\n","protected":false},"excerpt":{"rendered":"<p>DIRE\u00c7\u00c3O ART\u00cdSTICA Andr\u00e9 Fischer DIRE\u00c7\u00c3O DE PROGRAMA\u00c7\u00c3O DE CINEMA Marcio Miranda Perez COORDENA\u00c7\u00c3O DE PRODU\u00c7\u00c3O Ra\u00ed Gandra PRODU\u00c7\u00c3O J\u00fanior Oliveira ASSISTENTE DE PRODU\u00c7\u00c3O Isabella Pereira PRESTA\u00c7\u00c3O DE CONTAS &amp; FINANCEIRO Abrupta Produ\u00e7\u00f5es Art\u00edsticas HOSPITALIDADE Mauricio Kinoshita MONITORIA PJ 2Hs Entretenimento COMIT\u00ca DE SELE\u00c7\u00c3O DE FILMES Andr\u00e9 FischerJulia KatharineLuca LauriMarcio Miranda PerezPedro TinenRa\u00ed GandraTatiana GroffVictor Di [&hellip;]<\/p>\n","protected":false},"author":28,"featured_media":0,"parent":0,"menu_order":0,"comment_status":"closed","ping_status":"closed","template":"","meta":{"_themeisle_gutenberg_block_has_review":false,"footnotes":""},"class_list":["post-3279","page","type-page","status-publish","hentry","missing-thumbnail"],"_links":{"self":[{"href":"https:\/\/mixbrasil.org.br\/33\/wp-json\/wp\/v2\/pages\/3279","targetHints":{"allow":["GET"]}}],"collection":[{"href":"https:\/\/mixbrasil.org.br\/33\/wp-json\/wp\/v2\/pages"}],"about":[{"href":"https:\/\/mixbrasil.org.br\/33\/wp-json\/wp\/v2\/types\/page"}],"author":[{"embeddable":true,"href":"https:\/\/mixbrasil.org.br\/33\/wp-json\/wp\/v2\/users\/28"}],"replies":[{"embeddable":true,"href":"https:\/\/mixbrasil.org.br\/33\/wp-json\/wp\/v2\/comments?post=3279"}],"version-history":[{"count":19,"href":"https:\/\/mixbrasil.org.br\/33\/wp-json\/wp\/v2\/pages\/3279\/revisions"}],"predecessor-version":[{"id":9202,"href":"https:\/\/mixbrasil.org.br\/33\/wp-json\/wp\/v2\/pages\/3279\/revisions\/9202"}],"wp:attachment":[{"href":"https:\/\/mixbrasil.org.br\/33\/wp-json\/wp\/v2\/media?parent=3279"}],"curies":[{"name":"wp","href":"https:\/\/api.w.org\/{rel}","templated":true}]}}