{"id":896,"date":"2023-10-25T17:55:53","date_gmt":"2023-10-25T20:55:53","guid":{"rendered":"https:\/\/mixbrasil.org.br\/31\/?p=896"},"modified":"2025-11-16T11:03:04","modified_gmt":"2025-11-16T14:03:04","slug":"icone-mix","status":"publish","type":"page","link":"https:\/\/mixbrasil.org.br\/33\/icone-mix\/","title":{"rendered":"\u00cdcone Mix"},"content":{"rendered":"\n<h2 class=\"wp-block-heading\"><strong><strong>Marisa Orth<\/strong><\/strong><\/h2>\n\n\n\n<p>Criado para celebrar trajet\u00f3rias art\u00edsticas e pessoais ligadas \u00e0 hist\u00f3ria e aos valores do F<strong>estival MixBrasil de Cultura da Diversidade<\/strong>, o <strong>Pr\u00eamio \u00cdcone Mix<\/strong> homenageia, a cada edi\u00e7\u00e3o, personalidades cuja obra e presen\u00e7a ajudaram a ampliar a visibilidade e a liberdade das express\u00f5es LGBT+ no Brasil e no mundo.<\/p>\n\n\n\n<p>Desde 2017, o pr\u00eamio j\u00e1 reconheceu nomes que marcaram a cultura e a hist\u00f3ria do festival: Gus Van Sant, Jo\u00e3o Nery, Marina Lima, M\u00e1rcia Pantera, Ney Matogrosso, Linn da Quebrada, Renata Carvalho e Bruce LaBruce. Todos, \u00e0 sua maneira, contribu\u00edram para afirmar o <strong>MixBrasil <\/strong>como espa\u00e7o de encontro entre arte, diversidade e transforma\u00e7\u00e3o social.<\/p>\n\n\n\n<p>Em 2025, o festival presta homenagem a uma figura que, h\u00e1 mais de duas d\u00e9cadas, \u00e9 parte essencial dessa trajet\u00f3ria: <strong>Marisa Orth<\/strong>. Atriz, cantora e apresentadora, Marisa conduz o lend\u00e1rio <strong>Show do Gongo<\/strong> desde 1999, imprimindo-lhe humor, irrever\u00eancia e afeto. Qualidades que a tornaram s\u00edmbolo do esp\u00edrito <strong>MixBrasil<\/strong> e da nossa comunidade.<\/p>\n\n\n\n<p>Marisa \u00e9 parceira, musa e c\u00famplice dessa hist\u00f3ria. Sua carreira no teatro, na televis\u00e3o e na m\u00fasica sempre foi marcada pela coragem de desafiar padr\u00f5es e pela generosidade em acolher o diverso. Com sua intelig\u00eancia c\u00eanica e humor transformador, ela fez do riso um gesto pol\u00edtico e da alegria uma forma de resist\u00eancia.<\/p>\n\n\n\n<p>O <strong>Pr\u00eamio \u00cdcone Mix 2025<\/strong> celebra uma artista brilhante, cuja presen\u00e7a, h\u00e1 mais de vinte anos, encarna, com brilho e generosidade, o que o <strong>MixBrasil<\/strong> tem de mais verdadeiro: liberdade, criatividade e afeto.<\/p>\n\n\n\n<p><\/p>\n","protected":false},"excerpt":{"rendered":"<p>Marisa Orth Criado para celebrar trajet\u00f3rias art\u00edsticas e pessoais ligadas \u00e0 hist\u00f3ria e aos valores do Festival MixBrasil de Cultura da Diversidade, o Pr\u00eamio \u00cdcone Mix homenageia, a cada edi\u00e7\u00e3o, personalidades cuja obra e presen\u00e7a ajudaram a ampliar a visibilidade e a liberdade das express\u00f5es LGBT+ no Brasil e no mundo. Desde 2017, o pr\u00eamio [&hellip;]<\/p>\n","protected":false},"author":1,"featured_media":9603,"parent":0,"menu_order":0,"comment_status":"open","ping_status":"open","template":"","meta":{"_themeisle_gutenberg_block_has_review":false,"footnotes":""},"class_list":["post-896","page","type-page","status-publish","has-post-thumbnail","hentry","has-thumbnail"],"_links":{"self":[{"href":"https:\/\/mixbrasil.org.br\/33\/wp-json\/wp\/v2\/pages\/896","targetHints":{"allow":["GET"]}}],"collection":[{"href":"https:\/\/mixbrasil.org.br\/33\/wp-json\/wp\/v2\/pages"}],"about":[{"href":"https:\/\/mixbrasil.org.br\/33\/wp-json\/wp\/v2\/types\/page"}],"author":[{"embeddable":true,"href":"https:\/\/mixbrasil.org.br\/33\/wp-json\/wp\/v2\/users\/1"}],"replies":[{"embeddable":true,"href":"https:\/\/mixbrasil.org.br\/33\/wp-json\/wp\/v2\/comments?post=896"}],"version-history":[{"count":10,"href":"https:\/\/mixbrasil.org.br\/33\/wp-json\/wp\/v2\/pages\/896\/revisions"}],"predecessor-version":[{"id":9605,"href":"https:\/\/mixbrasil.org.br\/33\/wp-json\/wp\/v2\/pages\/896\/revisions\/9605"}],"wp:featuredmedia":[{"embeddable":true,"href":"https:\/\/mixbrasil.org.br\/33\/wp-json\/wp\/v2\/media\/9603"}],"wp:attachment":[{"href":"https:\/\/mixbrasil.org.br\/33\/wp-json\/wp\/v2\/media?parent=896"}],"curies":[{"name":"wp","href":"https:\/\/api.w.org\/{rel}","templated":true}]}}